 3*d. Let n be s(6). Let j = -13 - n. Suppose -14 = -j*u + 4*u. Calculate the remainder when u is divided by 8.
6
Let m(b) = -b**3 - 6*b**2 - 4*b + 3. Let g be m(-5). Calculate the remainder when ((-32)/(-1)*-1)/(-1) is divided by (-40 + 6)*1/g.
15
Calculate the remainder when -122*(-1)/2 - 3 is divided by 12.
10
Let q = 21 - -4. What is the remainder when q is divided by 13?
12
Let t(x) = -2*x. Let k be t(-7). Suppose 0 = 3*p - 28 - k. What is the remainder when 41 is divided by p?
13
Let h be (46/(-3))/((-2)/6). Let v = 66 - h. Suppose t + 3*t - v = 0. Calculate the remainder when 7 is divided by t.
2
Let v(j) = 3*j**2 - 3 - 1 - 4*j + j**3 + 1. Let t be v(-4). Let w = t + 4. Calculate the remainder when 1 is divided by w.
0
Let r be (0 - 0)/(-2) + 0. Let c = 4 + 35. Suppose r = 3*u - c + 3. What is the remainder when 35 is divided by u?
11
Let w be 1*2/6*-3. Let t be (-4)/(1 + 1) - w. Calculate the remainder when 8 is divided by 1 - -2 - 0/t.
2
Let v = -31 + 54. What is the remainder when 158 is divided by v?
20
What is the remainder when ((-30)/4)/((-3)/2) is divided by 2?
1
Suppose -3*u + 2*r + 56 = 9, -42 = -3*u + 3*r. What is the remainder when u is divided by 10?
9
Suppose 0 = -5*u + 3*b + 72, -4*b + 1 + 3 = 0. Let h = 25 - u. Suppose 5*f = -r + 100, 4*f + r - 64 = 17. What is the remainder when f is divided by h?
9
Suppose 31*n - 32*n + 11 = 0. What is the remainder when n is divided by 4?
3
What is the remainder when 98 is divided by 92/4 - (-3 - -1)?
23
Let f = -4 - -2. Let b be (-2 - f)/(-3 + 2). Calculate the remainder when -1 - (-2 + b + -54) is divided by 19.
17
Suppose k - 93 = -3*k - 3*w, 99 = 4*k + 5*w. Let r = k + 13. What is the remainder when r is divided by 18?
16
Let i be 1*67 + (0 - 1). Suppose 0 = 4*q - 16 + 4. Suppose 88 = 5*w - j, q*w - 7*j = -2*j + i. Calculate the remainder when w is divided by 6.
5
Let o = 191 - 157. What is the remainder when 54 is divided by o?
20
Let s = 13 - -7. Calculate the remainder when s is divided by 6.
2
Let a(g) = g**2 + 7*g - 4. Let o be a(-8). Suppose 0 = 3*c - o*c + 17. Let h = c - 3. Calculate the remainder when 27 is divided by h.
13
Suppose -3*h + p + 339 = -175, -h + p + 174 = 0. What is the remainder when h is divided by 43?
41
Let c be (-4)/(-10) + 21/(-15). Calculate the remainder when (8/c)/((-3)/12) is divided by 2/(-10) - ((-324)/20 - -5).
10
What is the remainder when 64 is divided by 14/56 + (-67)/(-4)?
13
Let f = 6 - 1. Let a = 18 - 13. Suppose a*n = 42 + 28. Calculate the remainder when n is divided by f.
4
Let s(k) = 34*k**2 - 1. Let f be s(-1). Let i = f + -15. Calculate the remainder when i is divided by 5.
3
Suppose 2*s - 185 = -3*s + 4*o, 4*o - 46 = -2*s. Let d be (5/5)/((-2)/54). What is the remainder when s is divided by (-441)/d - (-2)/3?
16
Let x(j) = -5*j**3 + 3*j - 1. Let u be x(3). Let s = 186 + u. Calculate the remainder when s is divided by 15.
14
Let s(w) = w + 14. Let i = -25 - -39. Calculate the remainder when i is divided by s(-9).
4
Let q(o) = -3*o + 1. Let h be q(1). Let x(f) = 2*f**2 - 2*f - 2. Calculate the remainder when 29 is divided by x(h).
9
Suppose -2 = 2*o, 0 = b + o - 10 - 12. What is the remainder when 67 is divided by b?
21
Let m be (-1)/(18/10 - 2). Suppose m*n = n + 252. What is the remainder when n is divided by 22?
19
Suppose 2*w - 56 = -4*l, 4*l + 3*w = 5 + 49. What is the remainder when 59 is divided by l?
14
Suppose 5*j - 5*i - 260 = 0, 2*j = -i + 142 - 32. Calculate the remainder when j is divided by 28.
26
Suppose 8*v = 83 + 85. What is the remainder when 53 is divided by v?
11
Let r(h) = 3*h**2 + 2 - h**2 - 5*h + 2*h + 7*h. Let i be r(-4). Suppose -3*d = -12 - i. What is the remainder when d is divided by 4?
2
Suppose -h + 2*h - 5*y - 22 = 0, -h = 2*y + 6. Suppose 0 = 3*n + h*n - 185. Calculate the remainder when n is divided by 10.
7
Let v = 72 - -45. What is the remainder when v is divided by 17?
15
Let d(n) = n**2 + 6*n - 3. Let g be d(-6). Let i = 2 - g. Calculate the remainder when 6 is divided by i.
1
What is the remainder when 13 is divided by 4/(32/20)*2?
3
Let q(x) = x**2 + 2*x + 2. Let z be q(-1). What is the remainder when 5 is divided by z + 4/(4 + 0)?
1
Suppose -2*m - 4 = -14. Suppose 0 = 9*w - 13*w + 76. What is the remainder when w is divided by m?
4
Let b = 19 + -13. Calculate the remainder when 13 is divided by b.
1
Let p(g) be the second derivative of -g**5/20 + 2*g**4/3 - 7*g**3/6 - 3*g**2 + g. Let c be p(7). What is the remainder when 2/(-3) + (-214)/c is divided by 12?
11
Suppose -1 = -4*c + 11. What is the remainder when c is divided by 1?
0
Let l(i) = 2*i + 4. Let h be l(5). Let m = h - 9. Calculate the remainder when 8 is divided by m.
3
Suppose -44 - 72 = -4*x. What is the remainder when 114 is divided by x?
27
Suppose -5 - 7 = -4*x. Suppose 104 = x*g + g. Calculate the remainder when g is divided by 9.
8
Let j = 4 - -1. Suppose -2 = -j*c - 12. Let p = 4 + c. What is the remainder when 4 is divided by p?
0
Calculate the remainder when 7 is divided by (-90)/12*2/(-3).
2
Suppose -b + 5*q - 26 = -2, -5*b - 98 = -3*q. Let w = b - -45. What is the remainder when w is divided by 9?
8
Suppose -5*l + 8*l + 15 = 0. Let v(x) = x + 7. What is the remainder when v(l) is divided by 2?
0
Let y(f) = -f + 11. Suppose -4*u = -9 - 23. Let g be y(u). Suppose -3*q = -g*n - 126, -4*q - 2*n + 165 = -5*n. What is the remainder when q is divided by 14?
11
Let s(c) = 14*c + 2. Suppose 135 = 4*i - 3*f - 0*f, 50 = 2*i + 2*f. What is the remainder when i is divided by s(1)?
14
Suppose -2*s + 0*s = -2*a + 64, 0 = -2*a + s + 65. Let q(n) = -n + 20. Calculate the remainder when a is divided by q(11).
6
Let u(c) = c**2 - 7*c - 16. Suppose -16 = -4*o + 2*o. What is the remainder when u(10) is divided by o?
6
Let n(p) = -7*p**3 + 2*p**2 - p - 1. Suppose -21 + 65 = 2*a. Calculate the remainder when n(-2) is divided by a.
21
Suppose 49 = 2*j - 31. Suppose 4*k = 3*p - j, 0 = p - 2*p - 5*k + 7. Calculate the remainder when 35 is divided by p.
11
Suppose -y - 2 = -0*y + 4*n, -3*n = 4*y - 44. What is the remainder when 27 is divided by y?
13
Suppose -2*z - 162 - 144 = -4*r, -2*r - 3*z = -133. What is the remainder when r is divided by 19?
17
What is the remainder when 10 is divided by ((-14)/(-7))/(3/9)?
4
Let c = 7 + 3. What is the remainder when c is divided by 3?
1
Let i = -16 + 31. What is the remainder when 27 is divided by i?
12
Let z = 62 - 25. Let y(n) = -2*n - 8. What is the remainder when z is divided by y(-9)?
7
Suppose h + 13 - 4 = -3*a, -5*h - 19 = 2*a. Suppose 0 = -3*d + 2*g + 27, -3*d + 2*d = -4*g - 9. Calculate the remainder when d is divided by -1 - (-6)/(a - -3).
4
Let r = -38 - -47. What is the remainder when 17 is divided by r?
8
Suppose 0 = -4*n + 27 + 21. Calculate the remainder when n is divided by 3.
0
Let i(o) = -o**2 + 3. Suppose 3*z + 17 = -2*t + 2, 5*t + 4*z + 20 = 0. What is the remainder when i(t) is divided by 2?
1
Let k be (0 + -11)*(-7 + 2). Suppose -k = -4*f - 3. Calculate the remainder when 37 - (2/2 - 1) is divided by f.
11
Let h = -14 + 6. Let a be ((-15)/(-4))/((-3)/h). Let r = 3 + a. Calculate the remainder when 37 is divided by r.
11
Let h(f) = f + 13. Let m be h(-7). Suppose 4*j + 3*g = 72, -3*g + m*g = -3*j + 57. Calculate the remainder when 27 is divided by j.
12
Calculate the remainder when 4/(-2)*(-6 - -4) is divided by 2.
0
Let k be (-1)/((-3)/(18/(-3))). Let w(q) = q - 1. Let l be w(3). Calculate the remainder when 10 is divided by (-2 - k) + l - -4.
4
Suppose 0 = -x + 2*x. Suppose -3*a + x*m + 4*m = -120, 2*a + 2*m - 66 = 0. What is the remainder when a is divided by 10?
6
Suppose 33 + 49 = 2*j. Calculate the remainder when j is divided by 21.
20
Calculate the remainder when 42/(-105) - (-117)/5 is divided by (0 - -1) + (0 - -11).
11
Suppose 5*i = 0, 3*i + i = 5*x - 105. Suppose 2*p - x = 31. Let h = 26 + -17. Calculate the remainder when p is divided by h.
8
Calculate the remainder when 42*(-2)/(12/(-3)) is divided by 12.
9
Let u(s) = 48*s**2 + 2*s + 2. Let y = -5 + 18. Calculate the remainder when u(-1) is divided by y.
9
Suppose n = -5*d + 4*d + 109, 0 = 4*d + 5*n - 432. Calculate the remainder when d is divided by 23.
21
Suppose 10 = 2*s + k + 4, 5*s - 2*k - 33 = 0. Suppose -s*u = w - 3*